-732*h + 11117. Calculate the remainder when 1250 is divided by g(15).
17
Let x = 194 - 155. Let a = x - 14. Calculate the remainder when 44 is divided by a.
19
Suppose -2974*u + 2988*u = 2758. Calculate the remainder when u is divided by 80.
37
Calculate the remainder when 148 is divided by 60/40 + (-18)/(-4).
4
Suppose 4*z - 622 = -174. Let a = -58 + z. Calculate the remainder when 160 is divided by a.
52
Suppose 14*a - 6*a = 224. What is the remainder when 102 is divided by (-14)/49 - (-988)/a?
32
Let d = -396 + 211. Calculate the remainder when (-7 - -4) + d*(-4)/2 is divided by 53.
49
Suppose 0 = 22*k - 25*k + 9. Suppose 0 = -k*o + 4*h + 64, 5*h - 41 = -3*o + 14. What is the remainder when 76 is divided by o?
16
Calculate the remainder when 117 is divided by (-1)/(-3)*34*((-147)/14)/(-7).
15
Suppose -3*t + 3*u = -7*t + 5283, -5*t - u + 6612 = 0. What is the remainder when 78 is divided by ((t/12)/7)/((-18)/(-48))?
36
Let y = -348 + 356. Suppose y*h - 255 = 3*h - 3*l, -4*h = -l - 204. Calculate the remainder when h is divided by 28.
23
Let f = 11302 - 11279. What is the remainder when 9633 is divided by f?
19
Let z(l) = 2*l + 31. Let h be z(-16). Calculate the remainder when 214 is divided by 1*(65 + 8)*(0 - h).
68
Suppose 8*v - 13*v - 2 = 2*s, 5*v - 4*s = 4. Suppose v = -2*y + 1601 - 907. Calculate the remainder when y is divided by 35.
32
Suppose -2 = 31*v - 33*v. Suppose 2*d - 5 = v. Suppose -d*o + 9 = 3. Calculate the remainder when 6 is divided by o.
0
Suppose 43054 - 146 = 68*m. What is the remainder when m is divided by 12?
7
Let s be (-2 - (-206)/4)*2. Suppose g = -3*f + s, 2*f = 2*g + 14 + 44. What is the remainder when 287 is divided by f?
31
Let o(r) = 30*r**2 - 29 + 22*r**2 - 53*r**2 + 18*r. Let z be o(12). Let i = 75 - z. What is the remainder when 123 is divided by i?
27
Let m(i) = i**3 - 2*i**2 - 95*i + 74. Calculate the remainder when 540 is divided by m(-9).
8
Calculate the remainder when 1943 is divided by 20/(-50)*((-43749)/18 - -3).
1
Suppose -118 = -x - 4*a, -57*x + 61*x + 4*a - 376 = 0. What is the remainder when 531 is divided by x?
15
Suppose -c = -2*o + 1060, -1193*c = 4*o - 1191*c - 2144. Calculate the remainder when o is divided by 54.
47
Let s = 18 - 15. Suppose -315 = -s*m - 5*y, 4*y - 696 + 268 = -4*m. What is the remainder when m is divided by 8?
6
Let t = 796 + -544. What is the remainder when t is divided by (-13570)/(-322) + 9/(-21)*(4 - 6)?
37
Suppose -3*r - 264 = -7*r - 3*j, 5*r - 4*j = 361. Suppose -820 = -42*y + 938 - 582. What is the remainder when r is divided by y?
13
Let p(q) = 412*q + 2319. Calculate the remainder when p(9) is divided by 22.
21
Suppose g - 3*c - 122 = 0, g - 158*c + 162*c - 164 = 0. Suppose 2*z - 52 = -2*z. Calculate the remainder when g is divided by z.
10
Let s = 452 - 397. Let j = -158 - -112. Let f = s + j. What is the remainder when 43 is divided by f?
7
Let v = 12 + -5. Let c(o) = -2*o**2 + 23*o + 175. Let f be c(-8). Let d = -97 - f. What is the remainder when d is divided by v?
5
Suppose 3*a - a + 5*f = 2, -3*a = 3*f + 6. What is the remainder when 126 is divided by 17 + 0 + (-5 - -5) + a?
9
Suppose -56*g - 7*g = 10*g - 30952. What is the remainder when g is divided by 25?
24
Suppose 0 = -j - w + 10, -j - j + 3*w = 5. Let v be -43 - 1 - (j + 0). Let x = v - -99. Calculate the remainder when 94 is divided by x.
44
Let v(x) = -6*x**2 + 63*x - 32. Let y(i) = -i**2 + 2*i + 1. Let m(l) = v(l) - 5*y(l). Calculate the remainder when m(49) is divided by 40.
39
Let d = -82 - 21. Let v = d - -176. Suppose 3*z - 26 = -i + 19, -60 = -4*z + i. What is the remainder when v is divided by z?
13
Suppose -6*v + 14 = -5*v. Let o(w) = w**3 - 16*w**2 + 24*w + 8. Let h be o(v). Let x = h + 60. What is the remainder when 59 is divided by x?
11
Let n = 1343 + -1331. What is the remainder when 1520 is divided by n?
8
Suppose 4*m = 78*v - 77*v - 400, -5*m - 1512 = -4*v. Suppose -4*q + 3*g + 77 = -2*q, 0 = 4*g + 4. Calculate the remainder when v is divided by q.
35
Let l(u) = 6*u - 2. Let j(w) = -7*w + 3. Let d(t) = 3*j(t) + 4*l(t). Let c = 86848 - 86819. Calculate the remainder when c is divided by d(5).
13
Suppose 0 = -i + 4, -23*i + 18*i = 5*v - 300. Suppose 5*b - 27 = 38. Calculate the remainder when b is divided by 24/v + (-39)/(-7).
1
Suppose 45 = 3*n + d, -2*d = -0*n - n + 15. Let c(p) = -p**2 + 69*p - 484. What is the remainder when c(57) is divided by n?
5
Suppose 2*p - 4 = 4*p, -196 = 3*q - p. Let v = -30 + 95. Calculate the remainder when v is divided by -13 + (-913)/q - 266/(-12).
19
Suppose 44*c + 48 = 46*c. Let b be (4/(-1))/(0 + -1). What is the remainder when c is divided by 12 + 1 + (-3 - (0 - b))?
10
Suppose 0 = -2*h - o, -4*o = -11 + 27. Suppose h*w - 820 + 798 = 0. Calculate the remainder when (0 - 20)/((-1)/2) is divided by w.
7
Suppose -3*q - 3*k + 153 = -48, -4*k = -4*q + 292. Suppose -3*z = -5*s + 178, 0*z = 5*z - 20. What is the remainder when q is divided by s?
32
Suppose -35*p + 32*p + 3*o + 84 = 0, -8 = 2*o. What is the remainder when 112 is divided by p?
16
Let q = -235 - -237. Suppose 54 = q*n - 5*w - 1, 4*w = -3*n + 140. What is the remainder when n is divided by 11?
7
Suppose p + 237 = -0*d + d, 3*d + 5*p = 679. Let r = d - 91. Calculate the remainder when r is divided by 35.
2
Let b = -1179 - -1934. Calculate the remainder when b is divided by 19.
14
Let z = 65 - 62. Suppose -57 = -4*u - 5*k, 2*u - 2*k - 51 = z*k. Suppose u = 3*v - 33. Calculate the remainder when v is divided by 11.
6
Suppose -3*d - 2 = -2*y + 25, y - 31 = 5*d. Suppose -332 = -y*b + 556. Calculate the remainder when b is divided by 23.
10
Let w(z) = -z**3 + 6*z**2 + 8*z - 5. Let a be w(7). Suppose 9*j - 239 - 165 = -107. Suppose -a*v + 53 = j. Calculate the remainder when 27 is divided by v.
7
Let n = -60 - -42. Let j = 32 + n. What is the remainder when 181 + -171 + 93/3 is divided by j?
13
Let n(t) = 8*t - 2. Suppose 634*a - 17949 - 8045 = 0. What is the remainder when a is divided by n(2)?
13
Calculate the remainder when 258 is divided by (-20)/6*54/(-18).
8
Let k(a) = -2*a**2 - 4*a + 11. Let j be k(4). Let p = -31 - j. Let g(c) = -c**2 + 11*c - 9. What is the remainder when g(p) is divided by 6?
3
Let g(t) = 26*t + 25*t - 47*t + 0 - 6. Let i be g(-1). What is the remainder when 25/i - 49/(-2) is divided by 8?
6
Let f(p) = -p**3 - 4*p**2 - 2. Let k = 40 - 44. Let a be f(k). Calculate the remainder when 72 is divided by -2*a/((-20)/(-125)).
22
Let g = -17975 - -18111. Calculate the remainder when g is divided by 2/3 - 31/(-3).
4
Calculate the remainder when (-2)/57 + (-1025170)/(-8835) is divided by 59.
57
Let z be (18/12)/(4 + 65/(-20)). What is the remainder when (z + -1)*1*92 + -1 is divided by 19?
15
Suppose -2234 + 9332 = 5*u + 2*f, 0 = f + 6. Calculate the remainder when u is divided by 40.
22
Let a = -7375 + 8268. What is the remainder when a is divided by 31?
25
Let j be 0 + 5 + 1 - -2. Suppose -2*v + 2 = -j, -2*g + 2*v = 4. Let w(u) = 13611*u - 54411. Calculate the remainder when w(4) is divided by g.
0
Let t be 15/(-6)*(616/4)/(-7). Suppose -50*o - 860 = -t*o. What is the remainder when o is divided by 46?
34
Suppose 72194 = -278*q + 300709 + 116205. Calculate the remainder when q is divided by 302.
32
Let f = 587 + -548. Calculate the remainder when 1163 is divided by f.
32
Let m(c) = c**2 - 16*c + 66. Let q be m(11). Suppose w = -k + q, -k + 3*k - 20 = -3*w. Let a = -12 + 20. What is the remainder when k is divided by a?
5
Let k be (-4*(4 - 3) + 2)*-2. Suppose 2*y - 4*w - 63 = y, k*w + 4 = 0. What is the remainder when y is divided by 21?
17
Let a(m) = 8*m + 3*m + m - 4*m + 6. What is the remainder when a(6) is divided by 16?
6
Let a(j) = -49*j + 4414. Calculate the remainder when a(79) is divided by 311.
232
Suppose 3*f + 25 - 40 = 0. Suppose -3*j - 45 = -f*b + 3, -5*j = -3*b + 16. Suppose 4 = 8*y - b. Calculate the remainder when y is divided by 1.
0
Suppose 0 = -v + 22 + 3. Suppose -v*s + 23*s = -72. Calculate the remainder when s is divided by 17.
2
Suppose -55*c + 336 = -41*c. Calculate the remainder when 10962 is divided by c.
18
Let b be (-36)/42*-4*(-7)/(-1). Let d be ((-2)/(b/(-27)))/((-1)/4). What is the remainder when 192 is divided by (-78)/d*27/(-12)*-2?
36
Let y = 85